{"id":57,"date":"2024-05-19T16:36:19","date_gmt":"2024-05-19T14:36:19","guid":{"rendered":"https:\/\/flammes.ovh\/?page_id=57"},"modified":"2024-06-15T18:11:02","modified_gmt":"2024-06-15T16:11:02","slug":"presentation","status":"publish","type":"page","link":"https:\/\/flammes.ovh\/index.php\/presentation\/","title":{"rendered":"Pr\u00e9sentation"},"content":{"rendered":"\n<div class=\"wp-block-media-text is-stacked-on-mobile\" style=\"margin-top:var(--wp--preset--spacing--80);margin-bottom:var(--wp--preset--spacing--80);padding-top:0;padding-bottom:0;grid-template-columns:42% auto\"><figure class=\"wp-block-media-text__media\"><img loading=\"lazy\" decoding=\"async\" width=\"600\" height=\"680\" src=\"http:\/\/flammes.ovh\/wp-content\/uploads\/2024\/05\/LogoFlammesfondtrans-1.png\" alt=\"\" class=\"wp-image-13 size-full\" srcset=\"https:\/\/flammes.ovh\/wp-content\/uploads\/2024\/05\/LogoFlammesfondtrans-1.png 600w, https:\/\/flammes.ovh\/wp-content\/uploads\/2024\/05\/LogoFlammesfondtrans-1-265x300.png 265w\" sizes=\"auto, (max-width: 600px) 100vw, 600px\" \/><\/figure><div class=\"wp-block-media-text__content\">\n<p class=\"has-text-align-left has-ast-global-color-7-color has-text-color has-link-color has-medium-font-size wp-elements-6f359666e88818bc0c4748349342fe4c\">L&#8217;ann\u00e9e de passage de mon baccalaur\u00e9at, les m\u00e9decins m&#8217;ont diagnostiqu\u00e9 <strong>une rectocolite h\u00e9morragique<\/strong> (dite &#8220;RCH&#8221;). Les crises devenant de plus en plus r\u00e9guli\u00e8res et m&#8217;imposant d&#8217;\u00eatre hospitalis\u00e9e, mes traitements ont \u00e9t\u00e9 adapt\u00e9s. Depuis, le stress et les al\u00e9as de la vie ont caus\u00e9 d&#8217;autres nombreuses crises, toutes g\u00e9r\u00e9es en quelques semaines. <br>Invalidante et contraignante, cette pathologie m&#8217;a fait grandir et prendre conscience de la valeur des choses. <br>Les sympt\u00f4mes se sont adoucis au fils des ann\u00e9es, voire ont disparu.<\/p>\n\n\n\n<p class=\"has-text-align-left has-ast-global-color-7-color has-text-color has-link-color has-medium-font-size wp-elements-62a52e00c81841c2bc15912a7cacc6b2\">Neuf ann\u00e9es plus tard, les m\u00e9decins m&#8217;ont diagnostiqu\u00e9 une seconde pathologie : <strong>la spondylarthrite ankylosante<\/strong>. <br>C&#8217;est ainsi que tout recommen\u00e7ait. Les rendez-vous m\u00e9dicaux hebdomadaires, les examens de contr\u00f4le, la prise d&#8217;un nouveau traitement incompatible avec la RCH.<\/p>\n\n\n\n<p class=\"has-text-align-left has-ast-global-color-7-color has-text-color has-link-color has-medium-font-size wp-elements-a5f2bb9bd4655ecba6c074de2c2008ea\"> C&#8217;est un an apr\u00e8s cette annonce, que je vous \u00e9cris. Mes deux pathologies commencent doucement \u00e0 cohabiter dans le calme et me permettent de retrouver &#8220;une vie normale&#8221;. <br>Pour discuter, comprendre, apprendre et partager tant les souffrances que les petites victoires, j&#8217;ai cherch\u00e9 \u00e0 contacter des personnes atteintes de ces deux maladies, en vain.  <\/p>\n\n\n\n<p class=\"has-text-align-left has-ast-global-color-7-color has-text-color has-link-color has-medium-font-size wp-elements-9837348bef75a4a3eb9f4045bbbf106f\"><br>C&#8217;est pour cette raison qu&#8217;avec le soutien de ma famille et de mes proches, j&#8217;ai cr\u00e9\u00e9 cette association.<\/p>\n<\/div><\/div>\n\n\n\n<div class=\"wp-block-cover has-small-font-size\" style=\"padding-top:0;padding-right:0;padding-bottom:0;padding-left:0;min-height:50px;aspect-ratio:unset;\"><span aria-hidden=\"true\" class=\"wp-block-cover__background has-ast-global-color-6-background-color has-background-dim-100 has-background-dim\"><\/span><div class=\"wp-block-cover__inner-container is-layout-constrained wp-container-core-cover-is-layout-639b5052 wp-block-cover-is-layout-constrained\">\n<p class=\"has-text-align-center has-small-font-size\"><\/p>\n<\/div><\/div>\n\n\n\n<p class=\"has-text-align-center has-ast-global-color-7-color has-text-color has-link-color has-large-font-size wp-elements-7001857afe20ce18717953e776c8db1e\" style=\"margin-top:var(--wp--preset--spacing--70);margin-bottom:var(--wp--preset--spacing--70)\">Et toi, quelle est ton histoire ? <\/p>\n","protected":false},"excerpt":{"rendered":"<p>L&#8217;ann\u00e9e de passage de mon baccalaur\u00e9at, les m\u00e9decins m&#8217;ont diagnostiqu\u00e9 une rectocolite h\u00e9morragique (dite &#8220;RCH&#8221;). Les crises devenant de plus en plus r\u00e9guli\u00e8res et m&#8217;imposant d&#8217;\u00eatre hospitalis\u00e9e, mes traitements ont [&hellip;]<\/p>\n","protected":false},"author":1,"featured_media":0,"parent":0,"menu_order":0,"comment_status":"closed","ping_status":"closed","template":"","meta":{"_bbp_topic_count":0,"_bbp_reply_count":0,"_bbp_total_topic_count":0,"_bbp_total_reply_count":0,"_bbp_voice_count":0,"_bbp_anonymous_reply_count":0,"_bbp_topic_count_hidden":0,"_bbp_reply_count_hidden":0,"_bbp_forum_subforum_count":0,"site-sidebar-layout":"default","site-content-layout":"","ast-site-content-layout":"","site-content-style":"default","site-sidebar-style":"default","ast-global-header-display":"","ast-banner-title-visibility":"","ast-main-header-display":"","ast-hfb-above-header-display":"","ast-hfb-below-header-display":"","ast-hfb-mobile-header-display":"","site-post-title":"disabled","ast-breadcrumbs-content":"","ast-featured-img":"","footer-sml-layout":"","theme-transparent-header-meta":"","adv-header-id-meta":"","stick-header-meta":"","header-above-stick-meta":"","header-main-stick-meta":"","header-below-stick-meta":"","astra-migrate-meta-layouts":"default","ast-page-background-enabled":"default","ast-page-background-meta":{"desktop":{"background-color":"var(--ast-global-color-4)","background-image":"","background-repeat":"repeat","background-position":"center center","background-size":"auto","background-attachment":"scroll","background-type":"","background-media":"","overlay-type":"","overlay-color":"","overlay-opacity":"","overlay-gradient":""},"tablet":{"background-color":"","background-image":"","background-repeat":"repeat","background-position":"center center","background-size":"auto","background-attachment":"scroll","background-type":"","background-media":"","overlay-type":"","overlay-color":"","overlay-opacity":"","overlay-gradient":""},"mobile":{"background-color":"","background-image":"","background-repeat":"repeat","background-position":"center center","background-size":"auto","background-attachment":"scroll","background-type":"","background-media":"","overlay-type":"","overlay-color":"","overlay-opacity":"","overlay-gradient":""}},"ast-content-background-meta":{"desktop":{"background-color":"var(--ast-global-color-5)","background-image":"","background-repeat":"repeat","background-position":"center center","background-size":"auto","background-attachment":"scroll","background-type":"","background-media":"","overlay-type":"","overlay-color":"","overlay-opacity":"","overlay-gradient":""},"tablet":{"background-color":"var(--ast-global-color-5)","background-image":"","background-repeat":"repeat","background-position":"center center","background-size":"auto","background-attachment":"scroll","background-type":"","background-media":"","overlay-type":"","overlay-color":"","overlay-opacity":"","overlay-gradient":""},"mobile":{"background-color":"var(--ast-global-color-5)","background-image":"","background-repeat":"repeat","background-position":"center center","background-size":"auto","background-attachment":"scroll","background-type":"","background-media":"","overlay-type":"","overlay-color":"","overlay-opacity":"","overlay-gradient":""}},"_price":"","_stock":"","_tribe_ticket_header":"","_tribe_default_ticket_provider":"","_tribe_ticket_capacity":"0","_ticket_start_date":"","_ticket_end_date":"","_tribe_ticket_show_description":"","_tribe_ticket_show_not_going":false,"_tribe_ticket_use_global_stock":"","_tribe_ticket_global_stock_level":"","_global_stock_mode":"","_global_stock_cap":"","_tribe_rsvp_for_event":"","_tribe_ticket_going_count":"","_tribe_ticket_not_going_count":"","_tribe_tickets_list":"[]","_tribe_ticket_has_attendee_info_fields":false,"footnotes":""},"class_list":["post-57","page","type-page","status-publish","hentry"],"ticketed":false,"_links":{"self":[{"href":"https:\/\/flammes.ovh\/index.php\/wp-json\/wp\/v2\/pages\/57","targetHints":{"allow":["GET"]}}],"collection":[{"href":"https:\/\/flammes.ovh\/index.php\/wp-json\/wp\/v2\/pages"}],"about":[{"href":"https:\/\/flammes.ovh\/index.php\/wp-json\/wp\/v2\/types\/page"}],"author":[{"embeddable":true,"href":"https:\/\/flammes.ovh\/index.php\/wp-json\/wp\/v2\/users\/1"}],"replies":[{"embeddable":true,"href":"https:\/\/flammes.ovh\/index.php\/wp-json\/wp\/v2\/comments?post=57"}],"version-history":[{"count":12,"href":"https:\/\/flammes.ovh\/index.php\/wp-json\/wp\/v2\/pages\/57\/revisions"}],"predecessor-version":[{"id":210,"href":"https:\/\/flammes.ovh\/index.php\/wp-json\/wp\/v2\/pages\/57\/revisions\/210"}],"wp:attachment":[{"href":"https:\/\/flammes.ovh\/index.php\/wp-json\/wp\/v2\/media?parent=57"}],"curies":[{"name":"wp","href":"https:\/\/api.w.org\/{rel}","templated":true}]}}